uppose -d + 16 = -5*v, 32 = -z*d - 3*v - v. What is m(d)?
-6
Let x(n) be the first derivative of 1 + n - 2*n - 8*n**2 + 7*n**2 + 1. Give x(1).
-3
Let h(o) = 3*o - 2*o**3 - 5*o**2 - 4*o + 132 - 128. What is h(-3)?
16
Let f be -3 + 0/4 - (-4 + -3). Let n(l) = -l**3 + 6*l**2 - 4*l - 5. Give n(f).
11
Let c(l) be the third derivative of l**6/720 + l**5/60 + l**4/8 + 4*l**2. Let i(p) be the second derivative of c(p). What is i(5)?
7
Let c(x) = 2*x**2 - x + 6. Let l = 3 + -2. Let v(q) = q**2 - q + 1. Let j(b) = l*c(b) - 3*v(b). Give j(4).
-5
Let g(s) = -3 - 55*s + 27*s + 27*s. Calculate g(-10).
7
Let n(w) = -w**2 - w - 2. Let v(y) = -y**3 - 5*y**2 - 2*y + 1. Let d be v(-4). Let j = d + 4. What is n(j)?
-8
Suppose 0*p - 5*p = -1075. Suppose 5*x - p = -75. Suppose 5*q + x = 8. Let m(o) = -2*o - 1. What is m(q)?
7
Let h be (-5 - -7)*(1 + 1). Suppose 7 = -h*q + 3. Let d(l) = 9*l - 1. What is d(q)?
-10
Suppose 2*s + 5 = s. Let c be (-1)/(-3 - -2) - s. Let k(x) = 1 + c*x**3 + x**2 - x**2. Give k(-1).
-5
Suppose -4*t = -2*w - 26, -2*w = 3*t - 3 - 6. Suppose 0 = 2*o - 10 + 2. Suppose 0 = o*s + t - 1. Let d(b) = -5*b**2. Calculate d(s).
-5
Let w(n) = -n**2 + 4*n - 1. Let y(a) = -3*a - 4. Let r be y(-5). Let l be 15/2 - (-1)/(-2). Let j = r - l. Determine w(j).
-1
Let g(a) be the third derivative of 0*a + 0 - 1/60*a**5 + 5/6*a**3 - 5/24*a**4 + 4*a**2. Calculate g(-6).
-1
Suppose 0 = -5*a + 20 - 0. Let x(q) = -q**3 + 3*q**2 + 2*q + 1. Calculate x(a).
-7
Let o(f) = -f**3 + 4*f**2 + f - 4. Suppose 3*p - 5*p = 12. Let c(z) = -3*z**2 - z**3 - 2*z - 8 - 3*z**2 + 0*z. Let s be c(p). Calculate o(s).
0
Let f(j) = j**3 + 2*j - 1. Let h(q) = 3*q**3 + 5*q**2 + 9*q + 1. Let k(l) = 4*f(l) - h(l). What is k(6)?
25
Let a(k) = -k - 3. Let r(o) be the second derivative of o**4/12 - 4*o**3/3 - 2*o**2 + 7*o. Let h be r(8). Calculate a(h).
1
Let j(t) = -4*t + 3*t**2 + 2*t + t. Let m be (-2)/11 - (-230)/55. Suppose d = -m*v - 4 + 21, 3*d - 2*v + 5 = 0. What is j(d)?
2
Let z = -32 + 32. Let h(i) be the third derivative of 1/120*i**6 + 0*i - 1/30*i**5 + 1/8*i**4 - i**2 + z + 0*i**3. Determine h(2).
6
Suppose 2*p + 3 = 3*p. Let g be 2/(-4)*(p - -7). Let k(y) = y**2 + 6*y - 1. Calculate k(g).
-6
Let g(h) = h + 1 + 3*h - 5*h - 3. Let n be g(3). Let m(v) = -v**3 - 6*v**2 - 3*v. Give m(n).
-10
Let z(c) be the second derivative of -5*c**4/12 + c**3/2 + 3*c**2/2 + 27*c. Calculate z(-2).
-23
Let p(b) = 2*b**2 + 6*b - 6. Suppose -5*a = x - 5 - 0, -3*a - 4 = 2*x. What is p(x)?
14
Let m(l) = l**2 + 7*l + 11. Let q be m(-5). Let z(r) = -8*r - 1. What is z(q)?
-9
Let g(r) = r**3 + 3*r**2 - 6*r - 4. Suppose 0 = -a - l + 6, 0*a - a + 10 = -3*l. Suppose 4*h = a*h + 12. Determine g(h).
4
Let a(s) = s**2 - 4*s - 3. Let z = -70 + 74. Calculate a(z).
-3
Let z(m) be the third derivative of 0 - 3*m**2 - 1/8*m**4 + 0*m**3 + 0*m. Determine z(2).
-6
Suppose -2*z + 12 = z. Let h(g) = 2 + 6*g - 2 + g**2 + z - 2. Let x be h(-6). Let y(l) = -2*l - 1. Give y(x).
-5
Let l(w) = -w**2 + 7*w + 3. Let p be l(7). Let t(d) = 3 + 2 + 2 - d - 3. What is t(p)?
1
Let u(r) be the second derivative of -r**5/20 - 5*r**4/12 - 5*r**3/6 - 5*r**2/2 - 27*r. What is u(-5)?
20
Let l(o) = -o**3 - 2*o**2 + 2*o - 1. Let n(j) = -2*j**3 - j**2 + 3*j - 1. Let p(g) = 3*l(g) - 2*n(g). What is p(2)?
-9
Let f(y) = y + 18. Let n be f(-12). Let w(h) be the first derivative of h**2/2 - 13. Calculate w(n).
6
Let m(f) = 611*f**2 - 610*f**2 + 2 + 2. Calculate m(0).
4
Let i be (-3 + 4)/((-4)/8). Let a(o) = -5*o + 1. Calculate a(i).
11
Let b = 22 - 20. Suppose 0 = b*v + 3*v - 15. Let q(r) = -3*r + 1. Calculate q(v).
-8
Let t(n) = n**2 - 4*n. Suppose 3*o + 105 = 114. Calculate t(o).
-3
Let c = 93 + -95. Let p(l) = -2*l**3 - l**2 - l - 1. Calculate p(c).
13
Let y(h) be the second derivative of -h**4/12 - h**3 - h. Let k(f) = -f - 4. Let c be k(-6). Suppose -5*l - 27 = -c. Calculate y(l).
5
Let u = 10 - 7. Suppose u*q - 9 = -0*q. Suppose -2*v - q - 7 = 0. Let a(c) = -c**3 - 5*c**2 + c - 2. What is a(v)?
-7
Let c(h) = 7*h**2 + 7*h - 2. Let y(a) = 11*a**2 + 11*a - 3. Let r(p) = -8*c(p) + 5*y(p). Let s be r(-2). Let d(x) = 1 - 5*x + 4*x + 6*x. Give d(s).
-4
Let w(d) = -d + 1. Let q(y) = 2*y**3 + y - 1 + 4*y**3 - 8*y**3 - 2*y**2. Let s be q(-2). Suppose s = -0*m + m. Give w(m).
-4
Let h(r) = -r**3 - r - 9. Let o be h(0). Let y(v) = -v**3 - 8*v**2 + 7*v - 12. Give y(o).
6
Let m = 6 - -8. Let x = m + -9. Let c(b) = 0 - x*b + 4*b + 2. Calculate c(2).
0
Let m(w) be the first derivative of w**4/4 + w**3 - 2*w**2 - 4*w + 23. Calculate m(-4).
-4
Let i(l) = l - 1. Let t(g) = 13*g + 17. Let d(k) = -7*k - 9. Let c(s) = -11*d(s) - 6*t(s). Let a be c(0). Let f be ((-2)/(-6))/(a/(-27)). Determine i(f).
2
Let b(o) = -4*o**2 + 7*o + 13. Let v(k) = 5*k**2 - 7*k - 14. Let x(l) = -6*b(l) - 5*v(l). Give x(-6).
-2
Suppose 3*a = 2*n + 3*n + 36, -2*n = -3*a + 18. Let p(h) = -h**3 - 5*h**2 + 7*h + 5. What is p(n)?
-1
Let m(u) = -6*u**3. Suppose -2*q = -4*h + 14, 5*q = h - 18 - 8. What is m(h)?
-6
Let o = -3 + -3. Let r(u) = u**2 + 6*u + 1. What is r(o)?
1
Let r(w) = -w**3 + 7*w**2 - 7*w + 8. Suppose 0*k = 5*k + 4*q - 85, 0 = -3*k - 2*q + 49. Let x = k - 7. Give r(x).
2
Let h(n) = n**3 - n**2 + 4. Let b be h(0). Let y(x) = 2*x + 4. Let f(s) = -1. Let l = -8 + 7. Let o(c) = l*y(c) - 6*f(c). What is o(b)?
-6
Suppose -j = -3*m + 16, -j = -4*m - 10 + 30. Let b = -2 + m. Let o(g) = -g + 0*g + 2*g + 1 - g**3 + g**b. Calculate o(0).
1
Suppose -4*l + 5*d + 2 = -3, 2*l + 3*d = 19. Let g(j) = j**2 - 10*j + 3. Let n(p) = p**2 - 11*p + 2. Let k(i) = 5*g(i) - 4*n(i). Calculate k(l).
2
Suppose -c - 21 = 5*x, -4*x + 20 = -5*c + 60. Let h be ((-4)/x)/((-10)/(-25)). Let i(f) = 2*f**3 - f**2 - 3*f + 2. Calculate i(h).
8
Let p(z) be the third derivative of -z**4/24 + z**2. Suppose 0 = -5*j + 32 + 28. Suppose 2*c - 9 = -4*y - 1, 0 = -2*y + c + j. What is p(y)?
-4
Let s(y) = 5*y**2 + 8*y - 4*y + 2 - 6*y**2. What is s(5)?
-3
Let p = -41 + 38. Let d(x) = 7*x + 3. Let g(s) = 11*s + 4. Let w(b) = -8*d(b) + 5*g(b). Let l be w(p). Let y(u) = 3*u**2 + 1. Determine y(l).
4
Let q(j) be the third derivative of 17*j**4/24 + 11*j**2. Calculate q(1).
17
Suppose -2*d + h = -4*h + 1, -4 = -d + 4*h. Let a(n) = -n**3 - 8*n**2 - n + 8. Determine a(d).
16
Let c(p) = p**2 - 3*p - 1. Let z be 45/(-10) - 1/(-2). Let b = -2 - z. Suppose 6 = b*g - 0*g. Calculate c(g).
-1
Let h be -1 + (60/(-9))/(-5). Let l(c) be the first derivative of -2*c + 2 - 3*c**2 + h*c**3. What is l(5)?
-7
Let x(w) = 6*w**2 + 5*w + 6 - 2*w**2 + w**2 - 1 - w**3. Suppose -3*j - 5*f = -33, 3*j - 4*f - 8 = -2. Determine x(j).
-1
Let d(m) = -6 + 0 + 4 + 4*m + 3. What is d(-2)?
-7
Suppose -13 = -3*t - 2*t - 2*a, 2*t + 5*a - 22 = 0. Suppose 6 = r - t. Let n(k) = 4*k - 5*k + 0*k**2 + r*k**2 + 1. What is n(1)?
7
Let v = 11 - 15. Let k(m) = 2*m**3 - 3*m**2 - 9*m - 8. Let z(d) = -d**3 + d**2 + 4*d + 4. Let h(f) = -6*k(f) - 13*z(f). Give h(v).
4
Let z = 6 - 3. Let d(n) = -z + 6*n**3 + 4*n + 6*n**2 - 2*n**3 - 3*n**3. Calculate d(-5).
2
Suppose -3*f + 24 = -4*k, 4*f - k - k - 22 = 0. Suppose 0 = 5*p + 5*i, 3*p + 32 = f*i + i. Let r = p - -2. Let o(b) = b**2 + 4*b + 3. Determine o(r).
-1
Let p(w) be the second derivative of 1/12*w**4 - w**3 + 4*w + 0 - 2*w**2. What is p(6)?
-4
Let u(g) = -g**2 + 4*g + 1. Let b = 7 - 3. Suppose b = 3*s - 5. What is u(s)?
4
Let f(w) = w**3 - 5*w**2 + 5*w + 3. Let h be 1/(5/(-80)*-4). What is f(h)?
7
Suppose j - 5*k = -137, 0*j - j + 2*k = 146. Let n be j/20 - (-3)/5. Let i(t) = t**3 + 8*t**2 + 8*t + 8. Calculate i(n).
1
Let h(i) be the third derivative of i**6/120 + i**5/12 + i**4/12 + i**3/2 - i**2. Let n = -58 - -53. What is h(n)?
-7
Let c(i) = -i**2 - 5*i + 3. Suppose 3*s = -3*f - 39, -2*s + s - 85 = 5*f. Let n be 3/f + 175/(-30). What is c(n)?
-3
Let r(i) = 3*i - i**3 + 3 - 5*i - 2*i + 3*i**2. Let a(d) = -d - 1. Let h be a(7). Let o = h + 10. Determine r(o).
-1
Let y(a) be the third derivative of -a**4/6 + 7*a**3/6 + 59*a**2. Calculate y(5).
-13
Let g(s) = -s**3 - 2*s + 1. Suppose 0 = 3*d - 4*k - 22, -d + 24 = 3*d - 4*k. Give g(d).
-11
Let j(u) = -3*u + 4. Let k(x) = -x + 1. Let l(z) = -j(z) + 2*k(z). Calculate l(6).
4
Let v(k) = -k**2 + 4*k - 2. Let h(y) = 3*y - 12. Let b be h(5). Calculate v(b).
1
Let k(n) = -n - 11. Let r b